e units digit of 4370917?
7
What is the hundred thousands digit of 1796194?
7
What is the tens digit of 7333642?
4
What is the tens digit of 13280002?
0
What is the millions digit of 29370798?
9
What is the thousands digit of 355410?
5
What is the thousands digit of 5309058?
9
What is the hundred thousands digit of 3186453?
1
What is the units digit of 10912370?
0
What is the thousands digit of 13002702?
2
What is the units digit of 5102391?
1
What is the ten thousands digit of 5988606?
8
What is the hundred thousands digit of 561849?
5
What is the millions digit of 6500680?
6
What is the hundred thousands digit of 5632788?
6
What is the thousands digit of 127829?
7
What is the hundred thousands digit of 1229344?
2
What is the millions digit of 1954468?
1
What is the units digit of 25340?
0
What is the tens digit of 3208986?
8
What is the thousands digit of 12968?
2
What is the thousands digit of 786581?
6
What is the hundreds digit of 559773?
7
What is the hundreds digit of 503923?
9
What is the tens digit of 290408?
0
What is the hundreds digit of 7330?
3
What is the ten thousands digit of 2602165?
0
What is the millions digit of 9616628?
9
What is the units digit of 1031735?
5
What is the tens digit of 222649?
4
What is the ten thousands digit of 345565?
4
What is the tens digit of 1476901?
0
What is the units digit of 4724397?
7
What is the millions digit of 9366405?
9
What is the ten thousands digit of 17934652?
3
What is the units digit of 2481589?
9
What is the ten thousands digit of 11626404?
2
What is the hundred thousands digit of 769084?
7
What is the ten thousands digit of 113520?
1
What is the ten thousands digit of 1879589?
7
What is the tens digit of 1494817?
1
What is the hundreds digit of 1103098?
0
What is the ten millions digit of 12775124?
1
What is the hundreds digit of 21186?
1
What is the hundred thousands digit of 2651552?
6
What is the units digit of 988515?
5
What is the thousands digit of 12201964?
1
What is the ten thousands digit of 5992458?
9
What is the millions digit of 13382677?
3
What is the thousands digit of 197057?
7
What is the tens digit of 474135?
3
What is the hundred thousands digit of 191036?
1
What is the thousands digit of 488499?
8
What is the ten thousands digit of 59145?
5
What is the hundred thousands digit of 6197657?
1
What is the millions digit of 12334115?
2
What is the hundred thousands digit of 833814?
8
What is the thousands digit of 1283137?
3
What is the thousands digit of 9985?
9
What is the tens digit of 1043607?
0
What is the units digit of 6202269?
9
What is the tens digit of 377904?
0
What is the ten thousands digit of 3248060?
4
What is the units digit of 186424?
4
What is the hundreds digit of 464963?
9
What is the ten thousands digit of 103487?
0
What is the ten thousands digit of 53623?
5
What is the thousands digit of 270207?
0
What is the tens digit of 33301?
0
What is the thousands digit of 387534?
7
What is the units digit of 3629471?
1
What is the ten thousands digit of 369936?
6
What is the tens digit of 18585691?
9
What is the hundreds digit of 2206288?
2
What is the millions digit of 23990250?
3
What is the units digit of 3673149?
9
What is the millions digit of 1350143?
1
What is the hundred thousands digit of 15619921?
6
What is the ten thousands digit of 1060278?
6
What is the millions digit of 8596401?
8
What is the hundred thousands digit of 5652461?
6
What is the units digit of 600969?
9
What is the units digit of 1986094?
4
What is the hundreds digit of 1696?
6
What is the hundreds digit of 646372?
3
What is the units digit of 1915658?
8
What is the ten thousands digit of 2436448?
3
What is the units digit of 101623?
3
What is the thousands digit of 17780469?
0
What is the hundreds digit of 1654475?
4
What is the thousands digit of 1384041?
4
What is the tens digit of 12142022?
2
What is the tens digit of 169313?
1
What is the millions digit of 6670709?
6
What is the tens digit of 77567?
6
What is the tens digit of 730781?
8
What is the ten thousands digit of 4945395?
4
What is the units digit of 7606821?
1
What is the hundred thousands digit of 131817?
1
What is the millions digit of 4403155?
4
What is the tens digit of 492922?
2
What is the millions digit of 1978602?
1
What is the hundred thousands digit of 659382?
6
What is the millions digit of 4852302?
4
What is the hundreds digit of 78629?
6
What is the units digit of 28260453?
3
What is the tens digit of 34136412?
1
What is the tens digit of 1455094?
9
What is the tens digit of 963494?
9
What is the hundreds digit of 299569?
5
What is the thousands digit of 11826658?
6
What is the tens digit of 2337370?
7
What is the millions digit of 3859958?
3
What is the units digit of 3186100?
0
What is the ten millions digit of 12061374?
1
What is the hundreds digit of 1786944?
9
What is the units digit of 7907?
7
What is the hundred thousands digit of 533995?
5
What is the thousands digit of 938928?
8
What is the hundreds digit of 38844?
8
What is the ten millions digit of 17186413?
1
What is the tens digit of 82561?
6
What is the units digit of 25538311?
1
What is the tens digit of 444413?
1
What is the tens digit of 1059323?
2
What is the units digit of 537605?
5
What is the millions digit of 2326263?
2
What is the hundreds digit of 406780?
7
What is the thousands digit of 949983?
9
What is the hundreds digit of 5316497?
4
What is the ten thousands digit of 2478976?
7
What is the units digit of 1106568?
8
What is the thousands digit of 460405?
0
What is the ten thousands digit of 886298?
8
What is the thousands digit of 204785?
4
What is the thousands digit of 40500?
0
What is the tens digit of 5804472?
7
What is the thousands digit of 2185860?
5
What is the hundreds digit of 11649706?
7
What is the thousands digit of 959559?
9
What is the tens digit of 445720?
2
What is the ten millions digit of 12793211?
1
What is the units digit of 140891?
1
What is the units digit of 48804?
4
What is the thousands digit of 1428578?
8
What is the hundred thousands digit of 1601564?
6
What is the thousands digit of 351714?
1
What is the hundred thousands digit of 1248812?
2
What is the ten thousands digit of 9518127?
1
What is the ten thousands digit of 308558?
0
What is the hundreds digit of 1057991?
9
What is the hundred thousands digit of 5560278?
5
What is the thousands digit of 53386?
3
What is the units digit of 3384497?
7
What is the tens digit of 7533794?
9
What is the ten thousands digit of 1539710?
3
What is the tens digit of 222817?
1
What is the thousands digit of 15899096?
9
What is the thousands digit of 1170790?
0
What is the thousands digit of 965105?
5
What is the thousands digit of 7405610?
5
What is the tens digit of 11701513?
1
What is the hundred thousands digit of 332976?
3
What is the units digit of 168187?
7
What is the thousands digit of 305681?
5
What is the thousands digit of 191527?
1
What is the hundreds digit of 13559994?
9
What is the millions digit of 2081279?
2
What is the hundreds digit of 426283?
2
What is the millions digit of 10227413?
0
What is the hundreds digit of 13371?
3
What is the tens digit of 308178?
7
What is the millions digit of 1097595?
1
What is the units digit of 2111646?
6
What is the units digit of 2204403?
3
What is the units digit of 2386193?
3
What is the ten thousands digit of 722246?
2
What is the hundreds digit of 171593?
5
What is the tens digit of 12023216?
1
What is the units digit of 98637?
7
What is the units digit of 12974459?
9
What is the tens digit of 195711?
1
What is the tens digit of 124168?
6
What is the units digit of 357514?
4
What is the millions digit of 1458920?
1
What is the thousands digit of 3329900?
9
What is the units digit of 4204128?
8
What is the millions digit of 1997956?
1
What is the tens digit of 10621861?
6
What is the hundred thousands digit of 112039?
1
What is the hundreds digit of 7363203?
2
What is the units digit of 265765?
5
What is the hundreds digit of 2080399?
3
What is the hundred thousands digit of 1141880?
1
What is the ten millions digit of 14270274?
1
What is the thousands digit of 3702003?
2
What is the thousands digit of 1038893?
8
What is the units digit of 1454405?
5
What is the ten thousands digit of 164711?
6
What 